 (base 6) to base 11.
-3
-15 (base 7) to base 5
-22
What is 40 (base 8) in base 6?
52
What is -87 (base 15) in base 16?
-7f
What is 13 (base 4) in base 6?
11
Convert -8a (base 14) to base 4.
-1322
0 (base 10) to base 4
0
What is -b2 (base 15) in base 10?
-167
-21 (base 11) to base 8
-27
Convert 11 (base 13) to base 7.
20
13 (base 15) to base 6
30
-10121 (base 3) to base 9
-117
0 (base 12) to base 6
0
1 (base 16) to base 2
1
What is 12 (base 4) in base 8?
6
Convert 6 (base 8) to base 4.
12
What is 2022 (base 3) in base 2?
111110
Convert 2 (base 12) to base 3.
2
What is -6 (base 10) in base 16?
-6
Convert -4 (base 9) to base 4.
-10
Convert 287 (base 9) to base 3.
22221
What is 1 (base 3) in base 6?
1
What is -4 (base 13) in base 10?
-4
Convert -6 (base 15) to base 14.
-6
What is -2 (base 4) in base 2?
-10
What is -4 (base 15) in base 8?
-4
What is 3 (base 6) in base 14?
3
What is -5c (base 15) in base 5?
-322
What is -1 (base 2) in base 7?
-1
300 (base 5) to base 3
2210
What is 0 (base 7) in base 6?
0
What is 4 (base 8) in base 12?
4
3 (base 16) to base 7
3
Convert -16 (base 13) to base 4.
-103
4 (base 12) to base 11
4
-1 (base 7) to base 15
-1
What is -13 (base 9) in base 16?
-c
What is 5 (base 11) in base 5?
10
60 (base 12) to base 9
80
Convert 6 (base 9) to base 6.
10
8 (base 9) to base 15
8
Convert 20 (base 3) to base 2.
110
Convert 10100 (base 2) to base 11.
19
Convert cb (base 14) to base 10.
179
2 (base 12) to base 7
2
What is 4 (base 7) in base 9?
4
-1101 (base 3) to base 5
-122
Convert -12 (base 4) to base 9.
-6
2b (base 14) to base 15
29
16 (base 15) to base 13
18
16 (base 9) to base 11
14
What is -8 (base 13) in base 3?
-22
What is 6 (base 13) in base 4?
12
What is 3 (base 15) in base 9?
3
What is -137 (base 8) in base 9?
-115
What is 7 (base 10) in base 13?
7
Convert -121 (base 6) to base 4.
-301
What is 5 (base 9) in base 15?
5
What is 1 (base 16) in base 5?
1
Convert 121 (base 8) to base 13.
63
111 (base 3) to base 13
10
What is 173 (base 14) in base 2?
100101001
What is -12 (base 4) in base 9?
-6
-6 (base 14) to base 8
-6
What is -20 (base 3) in base 8?
-6
90 (base 11) to base 3
10200
What is 101 (base 6) in base 9?
41
107 (base 9) to base 10
88
What is -232 (base 5) in base 4?
-1003
-1 (base 9) to base 5
-1
What is 0 (base 2) in base 15?
0
Convert 3 (base 8) to base 10.
3
Convert -10 (base 7) to base 4.
-13
111010 (base 2) to base 15
3d
What is -2 (base 15) in base 6?
-2
5 (base 13) to base 10
5
Convert -13 (base 16) to base 11.
-18
Convert 71 (base 12) to base 13.
67
Convert -12110 (base 3) to base 16.
-93
What is 10 (base 3) in base 16?
3
What is 23 (base 9) in base 4?
111
What is 10 (base 2) in base 9?
2
-1a6 (base 12) to base 15
-130
Convert -65 (base 9) to base 6.
-135
Convert -11 (base 15) to base 11.
-15
Convert 26 (base 7) to base 8.
24
What is -1010000 (base 2) in base 14?
-5a
Convert 8 (base 13) to base 7.
11
Convert 61 (base 16) to base 6.
241
What is -3 (base 14) in base 4?
-3
0 (base 11) to base 6
0
Convert 50 (base 14) to base 12.
5a
What is 220 (base 3) in base 6?
40
Convert -c7 (base 15) to base 4.
-2323
Convert 535 (base 6) to base 4.
3023
Convert 27 (base 14) to base 5.
120
Convert -1011 (base 2) to base 15.
-b
1 (base 14) to base 11
1
-5 (base 6) to base 7
-5
-20122 (base 3) to base 11
-153
Convert 15 (base 9) to base 3.
112
What is -154 (base 10) in base 11?
-130
What is -21 (base 3) in base 15?
-7
Convert -12 (base 4) to base 9.
-6
210 (base 7) to base 14
77
What is -4 (base 15) in base 13?
-4
-a (base 15) to base 6
-14
Convert -1432 (base 5) to base 15.
-112
What is 126 (base 7) in base 8?
105
-1 (base 13) to base 16
-1
Convert -11 (base 3) to base 2.
-100
Convert 10 (base 8) to base 15.
8
Convert -2 (base 16) to base 10.
-2
What is -68 (base 11) in base 12?
-62
-1b (base 13) to base 12
-20
Convert -1 (base 6) to base 3.
-1
Convert -30 (base 5) to base 7.
-21
67 (base 15) to base 10
97
1 (base 3) to base 2
1
-46 (base 7) to base 16
-22
Convert -6 (base 10) to base 2.
-110
-352 (base 6) to base 12
-b8
Convert 23 (base 11) to base 12.
21
Convert -102 (base 4) to base 14.
-14
6 (base 12) to base 4
12
What is -15 (base 14) in base 12?
-17
Convert -3 (base 14) to base 16.
-3
-32 (base 11) to base 12
-2b
-2 (base 9) to base 15
-2
Convert -120 (base 11) to base 4.
-2033
What is 3 (base 16) in base 12?
3
What is 5b (base 12) in base 7?
131
What is 1 (base 7) in base 4?
1
Convert -47 (base 10) to base 6.
-115
-12 (base 7) to base 14
-9
What is -5 (base 12) in base 5?
-10
Convert -1 (base 10) to base 7.
-1
13 (base 8) to base 11
10
-26 (base 7) to base 10
-20
27 (base 13) to base 5
113
Convert 33 (base 5) to base 4.
102
What is 1 (base 6) in base 5?
1
What is 118 (base 11) in base 8?
214
-4 (base 10) to base 14
-4
-2 (base 15) to base 8
-2
Convert -67 (base 9) to base 5.
-221
1 (base 13) to base 8
1
What is 0 (base 8) in base 12?
0
Convert 6 (base 16) to base 7.
6
Convert 4 (base 12) to base 14.
4
Convert 374 (base 8) to base 3.
100100
-1 (base 14) to base 2
-1
What is 4 (base 13) in base 12?
4
What is 203 (base 5) in base 10?
53
What is -101 (base 3) in base 2?
-1010
Convert 2 (base 9) to base 16.
2
What is -108 (base 12) in base 14?
-ac
1 (base 15) to base 10
1
Convert -1 (base 6) to base 4.
-1
Convert 11010101 (base 2) to base 13.
135
Convert 51 (base 10) to base 4.
303
-18 (base 10) to base 9
-20
-15 (base 15) to base 9
-22
-12 (base 13) to base 10
-15
Convert 3 (base 15) to base 2.
11
-30 (base 10) to base 13
-24
1 (base 9) to base 10
1
What is 11 (base 9) in base 2?
1010
Convert 1 (base 7) to base 15.
1
-1 (base 8) to base 16
-1
Convert -4 (base 13) to base 9.
-4
Convert -7 (base 15) to base 14.
-7
-4 (base 7) to base 16
-4
What is 2d (base 16) in base 9?
50
Convert 62 (base 16) to base 2.
1100010
What is -12 (base 5) in base 3?
-21
3 (base 7) to base 8
3
What is 26 (base 14) in base 12?
2a
-102 (base 5) to base 3
-1000
What is 19 (base 15) in base 14?
1a
Convert 13 (base 6) to base 11.
9
What is -1 (base 12) in base 7?
-1
111 (base 3) to base 8
15
-7c (base 16) to base 5
-444
Convert -2 (base 10) to base 16.
-2
Convert 2 (base 6) to base 3.
2
2 (base 9) to base 7
2
What is 1 (base 9) in base 8?
1
What is 171 (base 12) in base 7?
445
477 (base 9) to base 11
329
Convert -17 (base 9) to base 10.
-16
Convert -15 (base 14) to base 2.
-10011
4 (base 8) to base 12
4
What is -14 (base 15) in base 8?
-23
What is -1 (base 11) in base 5?
-1
-40 (base 13) to base 14
-3a
Convert 0 (base 8) to base 13.
0
Convert e (base 15) to base 2.
1110
What is -1100001 (base 2) in base 14?
-6d
What is -2 (base 12) in base 13?
-2
2110 (base 5) to base 13
187
Convert 2 (base 13) to base 6.
2
What is 32 (base 7) in base 11?
21
Convert -4 (base 13) to base 10.
-4
What is -1 (base 12) in base 8?
-1
-2 (base 15) to base 3
-2
Convert -1 (base 16) to base 11.
-1
Convert 5 (base 13) to base 15.
5
Convert -93 (base 14) to base 7.
-243
b (base 15) to base 12
b
Convert 3 (base 5) to base 4.
3
2 (base 6) to base 10
2
What is 41 (base 6) in base 3?
221
What is 25 (base 12) in base 2?
11101
1 (base 14) to base 16
1
Convert -1 (base 10) to base 12.
-1
What is 30 (base 13) in base 3?
1110
Convert -10112 (base 3) to base 12.
-7b
Convert -5 (base 13) to base 5.
-10
Convert 6 (base 14) to base 5.
11
What is 10 (base 2) in base 6?
2
What is 112101 (base 3) in base 8?
604
What is 11 (base 9) in base 4?
22
Convert 122 (base 8) to base 9.
101
26 (base 14) to base 5
114
-5 (base 6) to base 9
-5
Convert 4 (base 9) to base 4.
10
What is 1 (base 2) in base 14?
1
-3 (base 14) to base 16
-3
-79 (base 10) to base 14
-59
Convert a4 (base 15) to base 7.
310
0 (base 6) to base 4
0
-36 (base 14) to base 7
-66
77 (base 9) to base 15
4a
3 (base 12) to base 14
3
What is -3300 (base 4) in base 2?
-11110000
34 (base 15) to base 5
144
What is 0 (base 12) in base 9?
0
Convert 3 (base 16) to base 14.
3
What is 89 (base 15) in base 3?
11210
7 (base 8) to base 15
7
Convert -51 (base 13) to base 7.
-123
Convert -a2 (base 11) to base 6.
-304
Convert 1 (base 7) to base 4.
1
What is -3 (base 9) in base 4?
-3
Convert 22 (base 5) to base 8.
14
What is -a (base 12) in base 5?
-20
Convert -2 (base 16) to base 6.
-2
What is 5 (base 7) in base 15?
5
a (base 13) to base 15
a
What is 0 (b